{"id":965,"date":"2017-10-26T13:38:26","date_gmt":"2017-10-26T13:38:26","guid":{"rendered":"http:\/\/lovecaresl.cluster026.hosting.ovh.net\/lovecare_shop\/?page_id=965"},"modified":"2024-06-15T18:10:08","modified_gmt":"2024-06-15T18:10:08","slug":"965-2","status":"publish","type":"page","link":"https:\/\/www.lovecare.pl\/index.php\/965-2\/","title":{"rendered":"Opieka Laktacyjna"},"content":{"rendered":"<p>[vc_row][vc_column][vc_empty_space][vc_column_text]<\/p>\n<h4>Staramy si\u0119 stan\u0105\u0107 naprzeciw potrzebom m\u0142odych mam. Oferujemy konsultacje laktacyjne w domu klienta. Standardowo spotkanie trwa oko\u0142o 1,5h.<\/h4>\n<h4>Podczas wizyty omawiamy problem laktacyjny, badamy mam\u0119 i dziecko pod wzgl\u0119dem karmienia piersi\u0105 oraz kontrolujemy mas\u0119 cia\u0142a dziecka.<\/h4>\n<h4>Oceniamy akt karmienia i omawiamy plan dalszego dzia\u0142ania. Po spotkaniu utrzymujemy kontakt telefoniczny oraz je\u017celi jest taka potrzeba organizujemy kolejn\u0105 wizyt\u0119.<\/h4>\n<h4>W momencie potrzeby konsultacji z innym specjalist\u0105 podajemy kontakt do os\u00f3b pro-laktacyjnych.<\/h4>\n<p style=\"text-align: left;\"><strong>Oferujemy konsultacje w domu klienta lub w naszym lokalu:<\/strong><\/p>\n<ul>\n<li style=\"text-align: left;\"><strong>Podczas ci\u0105\u017cy &#8211; edukacyjna, przygotowuj\u0105ca pod indywidualn\u0105 potrzeb\u0119 do prawid\u0142owego i najlepszego startu w karmieniu piersi\u0105.<\/strong><\/li>\n<li style=\"text-align: left;\"><strong>Po porodzie &#8211; wsparcie, pomoc w karmieniu piersi\u0105, poprawa techniki karmienia, ustalenie schematu dnia, ocena ssania i gruczo\u0142u piersiowego.<\/strong><\/li>\n<li style=\"text-align: left;\"><strong>Po 6 miesi\u0105cu karmienia &#8211; pomoc w odpowiednim i stopniowym przej\u015bciu z wy\u0142\u0105cznego karmienia piersi\u0105 (bez szkody dla dziecka i mamy) na karmienie piersi\u0105 + \u017cywienie sta\u0142e.<\/strong><\/li>\n<li style=\"text-align: left;\"><strong>Odstawienie od piersi &#8211; zalecenia na ca\u0142ym \u015bwiecie sugeruj\u0105, aby karmi\u0107 jak najd\u0142u\u017cej, jednak tak d\u0142ugo na ile chce mama i dziecko. Kiedy jednak nast\u0119puje ten moment, zapraszamy, pomo\u017cemy pouk\u0142ada\u0107 plan dnia oraz w najbardziej mo\u017cliwy delikatny spos\u00f3b odstawi\u0107 dziecko od piersi.\u00a0<\/strong><\/li>\n<\/ul>\n<h4><strong><img loading=\"lazy\" decoding=\"async\" class=\"aligncenter wp-image-14896 size-large\" src=\"http:\/\/www.lovecare.pl\/wp-content\/uploads\/2021\/03\/IMG_5144-Edit-683x1024.jpg\" alt=\"\" width=\"683\" height=\"1024\" srcset=\"https:\/\/www.lovecare.pl\/wp-content\/uploads\/2021\/03\/IMG_5144-Edit-683x1024.jpg 683w, https:\/\/www.lovecare.pl\/wp-content\/uploads\/2021\/03\/IMG_5144-Edit-200x300.jpg 200w, https:\/\/www.lovecare.pl\/wp-content\/uploads\/2021\/03\/IMG_5144-Edit-768x1152.jpg 768w, https:\/\/www.lovecare.pl\/wp-content\/uploads\/2021\/03\/IMG_5144-Edit-1024x1536.jpg 1024w, https:\/\/www.lovecare.pl\/wp-content\/uploads\/2021\/03\/IMG_5144-Edit-600x900.jpg 600w, https:\/\/www.lovecare.pl\/wp-content\/uploads\/2021\/03\/IMG_5144-Edit.jpg 1365w\" sizes=\"auto, (max-width: 683px) 100vw, 683px\" \/><\/strong><\/h4>\n<h4><strong>Karmienie piersi\u0105 to wspania\u0142y czas dla mamy i jej dziecka. Warto zatem wiedzie\u0107 jakie korzy\u015bci wynikaj\u0105 z karmienia pokarmem naturalnym.<\/strong><\/h4>\n<h4>Mleko matki:<\/h4>\n<ul>\n<li>substancja idealnie dostosowana do potrzeb ludzkiego dziecka,<\/li>\n<li>substancja bioaktywna &#8211; zapewnia ochron\u0119 immunologiczn\u0105 i unikalny mikrobiom,<\/li>\n<li>zmniejsza zachorowalno\u015b\u0107 i ci\u0119\u017cko\u015b\u0107 przebiegu wielu chor\u00f3b dziecka i matki,<\/li>\n<\/ul>\n<p>[\/vc_column_text][\/vc_column][\/vc_row][vc_empty_space height=&#8221;20px&#8221;][vc_column_text]<\/p>\n<h4>Dzieci karmione piersi\u0105:<\/h4>\n<ul>\n<li>\u00a0rzadziej choruj\u0105,<\/li>\n<li>rzadziej s\u0105 hospitalizowane<\/li>\n<li>s\u0105 chronione przed oty\u0142o\u015bci\u0105<\/li>\n<li>s\u0105 chronione przed cukrzyc\u0105 typu 2<\/li>\n<li>maj\u0105 ni\u017cszy poziom cholesterolu w wieku p\u00f3\u017aniejszym<\/li>\n<li>rzadziej obserwuje si\u0119 wyst\u0119powanie gor\u0105czki poszczepiennej,<\/li>\n<\/ul>\n<p>[\/vc_column_text][vc_empty_space height=&#8221;20px&#8221;][vc_column_text]<\/p>\n<h4>Matki karmi\u0105ce piersi\u0105:<\/h4>\n<ul>\n<li>rzadziej choruj\u0105 na stwardnienie rozsiane,<\/li>\n<li>rzadziej choruj\u0105 na endometrioz\u0119,<\/li>\n<li>s\u0105 chronione przed oty\u0142o\u015bci\u0105,<\/li>\n<li>s\u0105 chronione przed cukrzyca typu 2, nadci\u015bnieniem, chorobami uk\u0142. kr\u0105\u017cenia, rakiem piersi i jajnika,<\/li>\n<li>maj\u0105 kr\u00f3tszy okres krwawienia po porodzie,<\/li>\n<li>s\u0105 chronione przed osteoporoz\u0105,<\/li>\n<\/ul>\n<p>[\/vc_column_text][vc_row][\/vc_row][vc_row][vc_column][vc_empty_space][\/vc_column][vc_column][vc_column_text]<\/p>\n<h4><strong>NASI DORADCY:<\/strong><\/h4>\n<h4><strong>Ewelina Dudek<\/strong><\/h4>\n<p>mgr po\u0142o\u017cna czynnie pracuj\u0105 w <strong>Warszawskim Szpitalu<\/strong> oraz <strong>wyk\u0142adowczyni w Szkole Rodzenia<\/strong>\u00a0<strong>LoveCare<\/strong>. Certyfikowany Doradca Laktacyjny (CDL), Edukator ds. laktacji i karmienia piersi\u0105. Instruktor Masa\u017cu Shantala, Doradca Noszenia Dzieci w Chustach i nosid\u0142ach mi\u0119kkich. Za\u0142o\u017cycielka LoveCare..[\/vc_column_text][\/vc_column][\/vc_row]<\/p>\n","protected":false},"excerpt":{"rendered":"<p>[vc_row][vc_column][vc_empty_space][vc_column_text] Staramy si\u0119 stan\u0105\u0107 naprzeciw potrzebom m\u0142odych mam. Oferujemy konsultacje laktacyjne w domu klienta. Standardowo spotkanie trwa oko\u0142o 1,5h. Podczas wizyty omawiamy problem laktacyjny, badamy mam\u0119 i dziecko pod wzgl\u0119dem karmienia piersi\u0105 oraz kontrolujemy mas\u0119 cia\u0142a dziecka. Oceniamy akt karmienia i omawiamy plan dalszego dzia\u0142ania. Po spotkaniu utrzymujemy kontakt telefoniczny oraz je\u017celi jest taka potrzeba [&hellip;]<\/p>\n","protected":false},"author":1,"featured_media":0,"parent":0,"menu_order":0,"comment_status":"closed","ping_status":"closed","template":"","meta":{"footnotes":""},"class_list":["post-965","page","type-page","status-publish","hentry"],"_links":{"self":[{"href":"https:\/\/www.lovecare.pl\/index.php\/wp-json\/wp\/v2\/pages\/965","targetHints":{"allow":["GET"]}}],"collection":[{"href":"https:\/\/www.lovecare.pl\/index.php\/wp-json\/wp\/v2\/pages"}],"about":[{"href":"https:\/\/www.lovecare.pl\/index.php\/wp-json\/wp\/v2\/types\/page"}],"author":[{"embeddable":true,"href":"https:\/\/www.lovecare.pl\/index.php\/wp-json\/wp\/v2\/users\/1"}],"replies":[{"embeddable":true,"href":"https:\/\/www.lovecare.pl\/index.php\/wp-json\/wp\/v2\/comments?post=965"}],"version-history":[{"count":24,"href":"https:\/\/www.lovecare.pl\/index.php\/wp-json\/wp\/v2\/pages\/965\/revisions"}],"predecessor-version":[{"id":20277,"href":"https:\/\/www.lovecare.pl\/index.php\/wp-json\/wp\/v2\/pages\/965\/revisions\/20277"}],"wp:attachment":[{"href":"https:\/\/www.lovecare.pl\/index.php\/wp-json\/wp\/v2\/media?parent=965"}],"curies":[{"name":"wp","href":"https:\/\/api.w.org\/{rel}","templated":true}]}}