{"id":1093,"date":"2019-05-16T11:01:44","date_gmt":"2019-05-16T11:01:44","guid":{"rendered":"http:\/\/lovecaresl.cluster026.hosting.ovh.net\/lovecare_shop\/?post_type=product&#038;p=1093"},"modified":"2023-01-21T20:02:09","modified_gmt":"2023-01-21T20:02:09","slug":"compress-multi-mam-12-szt","status":"publish","type":"product","link":"https:\/\/www.lovecare.pl\/index.php\/product\/compress-multi-mam-12-szt\/","title":{"rendered":"COMPRESS Multi-Mam (12 szt.)"},"content":{"rendered":"<p>Kompresy Multi-Mam to nowoczesne podej\u015bcie do leczenia bolesnych sutk\u00f3w. Preparat nas\u0105czony jest bioaktywnym \u017celem opartym na kompleksie 2QR, kt\u00f3ry nak\u0142ada si\u0119 jednocze\u015bnie z kompresem; przywraca r\u00f3wnowag\u0119 mikroflory i wspomaga naturalne procesy gojenia. Kompresy Multi-Mam pakowane s\u0105 pojedynczo.<\/p>\n<p><strong>Sk\u0142ad:<\/strong> Kompresy Multi-Mam s\u0105 niewch\u0142aniane i laminowane, nas\u0105czone bioaktywnym \u017celem. Nie zawiera konserwant\u00f3w.<\/p>\n<p><strong>Sk\u0142adniki<\/strong>: krospolimer galaktoarabianianu, kwas poliglukuronowy (kompleks 2QR: opatentowane bioaktywne polisacharydy), gliceryna (pochodzenia ro\u015blinnego), guma ksantanowa.<\/p>\n<p><strong>Cechy produktu:<\/strong><\/p>\n<p>Kompleksowa piel\u0119gnacja piersi karmi\u0105cej mamy<\/p>\n<p>Bezpo\u015brednio \u0142agodzi podra\u017cnienia sutk\u00f3w<\/p>\n<p>Neutralizuje szkodliwe mikroorganizmy<\/p>\n<p>Zapobiega infekcjom, m.in. zapaleniu sutka<\/p>\n<p>Zapewnia optymalny stan sk\u00f3ry<\/p>\n<p>Naturalny, bezpieczny i nieszkodliwy nawet w przypadku po\u0142kni\u0119cia<\/p>\n<p>Wspomaga naturalne procesy gojenia<\/p>\n<p><strong>Spos\u00f3b u\u017cycia:<\/strong><\/p>\n<p>Przemyj r\u0119ce oraz sutki letni\u0105 wod\u0105, a nast\u0119pnie delikatnie osusz. Otw\u00f3rz saszetk\u0119, rozwi\u0144 kompres i przy\u0142\u00f3\u017c nas\u0105czon\u0105 \u017celem stron\u0105 do bol\u0105cej brodawki. Pozostaw kompres na min. 10 minut, ale nie d\u0142u\u017cej ni\u017c godzin\u0119. Optymalny czas korzystania z kompresu wynosi 30 minut. Po u\u017cyciu, wyrzu\u0107 kompres. Nie musisz usuwa\u0107 nadmiaru \u017celu przed rozpocz\u0119ciem karmienia piersi\u0105 \u2013 formu\u0142a jest ca\u0142kowicie bezpieczna dla dziecka. Stosuj co najmniej dwa razy dziennie, a\u017c do ust\u0105pienia objaw\u00f3w.<\/p>\n","protected":false},"excerpt":{"rendered":"<p>Kompresy Multi-Mam to nowoczesne podej\u015bcie do leczenia bolesnych sutk\u00f3w. Preparat nas\u0105czony jest bioaktywnym \u017celem opartym na kompleksie 2QR, kt\u00f3ry nak\u0142ada si\u0119 jednocze\u015bnie z kompresem; przywraca r\u00f3wnowag\u0119 mikroflory i wspomaga naturalne procesy gojenia. Kompresy Multi-Mam pakowane s\u0105 pojedynczo. Sk\u0142ad: Kompresy Multi-Mam s\u0105 niewch\u0142aniane i laminowane, nas\u0105czone bioaktywnym \u017celem. Nie zawiera konserwant\u00f3w. Sk\u0142adniki: krospolimer galaktoarabianianu, kwas poliglukuronowy [&hellip;]<\/p>\n","protected":false},"featured_media":1094,"template":"","meta":[],"product_cat":[83],"product_tag":[],"class_list":["post-1093","product","type-product","status-publish","has-post-thumbnail","hentry","product_cat-karmienie-piersia"],"_links":{"self":[{"href":"https:\/\/www.lovecare.pl\/index.php\/wp-json\/wp\/v2\/product\/1093","targetHints":{"allow":["GET"]}}],"collection":[{"href":"https:\/\/www.lovecare.pl\/index.php\/wp-json\/wp\/v2\/product"}],"about":[{"href":"https:\/\/www.lovecare.pl\/index.php\/wp-json\/wp\/v2\/types\/product"}],"wp:featuredmedia":[{"embeddable":true,"href":"https:\/\/www.lovecare.pl\/index.php\/wp-json\/wp\/v2\/media\/1094"}],"wp:attachment":[{"href":"https:\/\/www.lovecare.pl\/index.php\/wp-json\/wp\/v2\/media?parent=1093"}],"wp:term":[{"taxonomy":"product_cat","embeddable":true,"href":"https:\/\/www.lovecare.pl\/index.php\/wp-json\/wp\/v2\/product_cat?post=1093"},{"taxonomy":"product_tag","embeddable":true,"href":"https:\/\/www.lovecare.pl\/index.php\/wp-json\/wp\/v2\/product_tag?post=1093"}],"curies":[{"name":"wp","href":"https:\/\/api.w.org\/{rel}","templated":true}]}}